, -3*x = -6*x + 2*i + 45. What is the greatest common factor of x and 270?
15
Suppose 214 + 25 = -2*t - 5*z, -2*z = 4*t + 486. Let k be ((-292)/(-5))/(16/40). Let m = t + k. Calculate the greatest common factor of 12 and m.
12
Let p be (4 - 6)*4*3. Let f be (1 - -23)/((-6)/p). Let u be (-110)/(-3) + (f/18 - 6). What is the greatest common divisor of 4 and u?
4
Suppose -192*z - z = -164243. What is the greatest common factor of z and 37?
37
Let r = 364 - 450. Let n be -3 - 7/(14/64). Let c = n - r. Calculate the highest common divisor of c and 17.
17
Suppose -9*q - 20 = -19*q. Suppose 0 = -q*i - 4*j + j + 50, 3*j + 38 = 2*i. What is the highest common divisor of 209 and i?
11
Suppose 0 = 2*a + 3*a - 200. Let z(m) = 4*m**2 + 18*m - 658. Let y be z(11). Calculate the highest common divisor of y and a.
8
Let s(q) = 3*q**2 + 9*q - 2. Let l be s(6). Let w(c) = -c**2 + 398*c + 2047. Let b be w(-5). Calculate the greatest common divisor of b and l.
32
Suppose -259 = -4*s - d - 85, 3*d = 4*s - 166. Suppose -24*n + 187 - s = 0. What is the greatest common factor of n and 14?
2
Let m(o) = o**3 + 16*o**2 - 108*o - 53. Let f be m(-22). Let w = f - -681. What is the greatest common factor of 25 and w?
25
Let s(r) be the third derivative of 0*r + 7/6*r**3 + 0 - 7/24*r**4 + 1/15*r**5 + r**2. Let d be s(3). What is the greatest common divisor of d and 242?
22
Let b = -65 - -113. Suppose 29*d + b = 32*d. Calculate the highest common divisor of 40 and d.
8
Let h be (-6)/(2*12/(-464)). Let z = -126 + h. Let p be (-258)/z + 1*4/20. Calculate the highest common divisor of 156 and p.
26
Let u = -252 - -244. Let l be -2*-21*(-28)/u. Calculate the highest common factor of 21 and l.
21
Let q = 174 - 114. Suppose -s = 288 - 250. Let y = 43 + s. Calculate the highest common factor of y and q.
5
Suppose 0 = -3*d + 5*r - 2 - 2, 2*d = 5*r - 6. Let o be 4/6*((-140)/(-5) + (51 - 40)). Calculate the greatest common divisor of o and d.
2
Suppose 8*c = 2*c + 12. Let d(k) = 4*k**c + 2*k - 276*k**3 + 277*k**3 - 3*k + 3. Let m be d(-4). What is the highest common divisor of 49 and m?
7
Let s(p) = 11*p + 18*p**3 + 11*p - 25*p + 8 - 6 + 5*p**2. Let c be s(2). What is the greatest common divisor of c and 20?
20
Let y = -6119 + 6123. What is the greatest common factor of y and 706?
2
Let n(f) = 4*f**2 - 4*f - 6. Let i be n(-4). Suppose 0 = 35*m - 31*m + 232. Let x = i + m. What is the highest common factor of 1 and x?
1
Suppose 2*g - 17 - 105 = -3*r, -3*r - g + 121 = 0. Let u = r - 46. Let w = u - -12. Calculate the greatest common divisor of w and 24.
6
Suppose p = -4, 0 = -5*w + p + p - 262. Let y be 2/4 - w/12. Suppose y*s - 160 = 65. What is the highest common divisor of 5 and s?
5
Suppose 78*u = 464 - 74. What is the greatest common factor of u and 155?
5
Let c(m) = 6*m**2 + 33*m + 494. Let b be c(0). Calculate the greatest common divisor of 650 and b.
26
Let c = -27433 - -28225. What is the highest common divisor of c and 1278?
18
Let a be (-1 - -4) + -3 + 3. Suppose a*b + 15 = 0, 4*p + 81 = -b - 0*b. Let l = 103 + p. Calculate the highest common factor of l and 12.
12
Let q = -260 - -418. Suppose 2*k = v - 8 - 66, 2*v + k = q. What is the highest common factor of v and 195?
39
Let b be (-12)/(-42) - (-178)/14. Suppose 3*s = -q + 23, -17 = -3*s - 28*q + 30*q. Let p be 120 + (-2 + 6 - s). Calculate the greatest common factor of b and p.
13
Let s be 251*(1 + 6) - (-23 - -6 - -9). What is the highest common factor of s and 35?
5
Let w be -42*(8300/15)/(-10). What is the greatest common factor of 28 and w?
28
Let z = 15 - 12. Suppose -3*a = z*v - 39, -5*v - 2*a + 74 = -0*v. Let i = -32 - -48. What is the highest common factor of i and v?
16
Suppose -1508 = 902*v - 903*v. What is the highest common factor of 260 and v?
52
Suppose 2*m = -2*r - 12 - 40, -r - 34 = 5*m. Let w = 42 + r. Suppose -4*u = -7*u + w. What is the highest common divisor of u and 9?
3
Suppose -3*t + 113 = -u + 3*u, 3*t = -u + 115. Let m be (t/6 - -1) + (-7)/14. Calculate the greatest common divisor of m and 56.
7
Let r be (-71208)/(-86) - (-23 - -4). What is the greatest common divisor of 484 and r?
121
Suppose -23*g + 20*g + 51993 = 6*g. Calculate the highest common divisor of g and 218.
109
Let v be 187 + (4/(-4) - 4). Let g = v - 148. Calculate the greatest common divisor of 272 and g.
34
Let j be -3*(-1)/((-5)/(-1355)). Suppose -275 - j = -8*t. What is the greatest common divisor of t and 170?
34
Let z be (-260)/(-2) - (-2)/1. Suppose 24 = t - 2*h, -390*t + 386*t + 168 = 4*h. Calculate the greatest common divisor of z and t.
12
Let y(b) = -368*b + 10764. Let w be y(14). What is the greatest common divisor of 460 and w?
92
Suppose 0 = -9*v + 6*v - 5*y - 159, 2*y = -v - 52. Let d be 1 - 2 - 3 - v. Calculate the greatest common factor of 42 and d.
6
Let q = 78 - -1177. Let u = q + -895. Let n be ((-2)/5)/((-6)/u). What is the greatest common divisor of 32 and n?
8
Let u be (-22)/3*(-43 - -1). Suppose 0 = -0*j - 4*j + u. Let y be (-9)/(45/(-40)) + 4 + (-11 - -10). What is the greatest common divisor of y and j?
11
Suppose 0 = -110*d - 65*d + 3675. Calculate the highest common factor of d and 3577.
7
Suppose -143*p + 422 = -141*p - z, -4*p + 3*z + 850 = 0. Calculate the greatest common divisor of p and 312.
104
Let d(i) = -16*i**3 - 177*i**2 - 39*i - 4. Let o be d(-11). Calculate the greatest common factor of o and 32224.
304
Let i(g) = 240*g**2 - g - 1. Let r be i(-1). Suppose b = 4*o - 1, -5*b + 889*o - 892*o = -432. Calculate the greatest common divisor of b and r.
15
Let v(g) = g - 8. Let n be v(12). Suppose -4*u - 5*w - 35 = -5*u, 4*w = -5*u + 59. Let x be -1 + -2 + u/1. What is the greatest common factor of n and x?
4
Let x(j) = 17*j**3 + j**2 - 55*j + 177. Let l be x(3). Calculate the greatest common divisor of l and 65.
5
Suppose 20*u - 24*u = -636. Suppose 95 + u = 3*i + 4*q, 2*i - 5*q - 200 = 0. Calculate the greatest common divisor of i and 27.
9
Let n(u) = 6*u + 128. Let q(d) = 3*d + 63. Let h(m) = -2*n(m) + 5*q(m). Let l be h(-12). Calculate the greatest common factor of 207 and l.
23
Let q(y) = 33*y - 72. Let s be q(4). What is the greatest common divisor of 108 and s?
12
Let l be 82/5 - (-56)/35. Let z(j) = -3*j**2 + 63*j - 63. Let q be z(l). Calculate the greatest common divisor of 55 and q.
11
Let f(y) = 1836*y - 9174. Let g be f(24). What is the greatest common factor of g and 30?
30
Suppose -5*v = -5*w + 205, 98*v - 158 = -4*w + 100*v. Calculate the greatest common factor of w and 209.
19
Let f = -44 - -62. Let q(j) = j**3 + 10*j**2. Let l be q(-10). Suppose -4*k + 9*k - a - 139 = l, 0 = 2*a + 8. What is the highest common divisor of k and f?
9
Let r(a) = 60*a + 595. Let y be r(-4). What is the greatest common factor of y and 15?
5
Let l(b) = 15 + b + 2*b**2 + 17*b + 9. Let j be l(-8). What is the greatest common factor of 2 and j?
2
Let z = 39244 + -23782. Calculate the greatest common divisor of 18 and z.
18
Let h be 543 - (2 + 8/(-6))*6. Let p = h - 521. What is the greatest common factor of p and 1278?
18
Let j be 45*(4 + (-264)/(-20) + -4). Let g be (-1)/(0 - (-3)/(-177)). Suppose g - 221 = -3*x. What is the greatest common factor of j and x?
54
Let g be (1 + 214/(-14))*(1 + 72/(-16)). What is the greatest common divisor of g and 14700?
50
Let z = 74 - 70. Suppose -4*p = -2*p, -z*m + 280 = -3*p. What is the greatest common factor of m and 105?
35
Let k(b) = 3*b**2 + 62*b + 9. Let c(u) = 6*u**2 + 124*u + 17. Let q(x) = 3*c(x) - 7*k(x). Let t be q(-12). Calculate the greatest common divisor of 12 and t.
12
Let k(q) = -39*q - 6. Let f be (4/(1/(-1)))/(-1). Let u be 0 - (f/8)/((-2)/(-8)). Let z be k(u). What is the highest common divisor of z and 9?
9
Let t(b) = -13*b - 46. Let l be t(-8). Let z = 855 + -101. Calculate the highest common factor of z and l.
58
Suppose -938 = 29*p - 69*p + 1382. Calculate the highest common factor of p and 24.
2
Let u(o) = -4670*o - 13989. Let n be u(-3). Let d = 95 + 262. Calculate the highest common divisor of d and n.
21
Let b = 24 + 73. Let p = 111 - b. Calculate the greatest common divisor of p and 224.
14
Suppose -160*g + 2059 + 1025 = -276. What is the highest common factor of g and 5817?
21
Suppose -2*b + 4455 = 13*b. Suppose b = 4*p + 121. Let s = p -